e the greatest common divisor of 1050 and 3570700.
350
Calculate the greatest common divisor of 555564 and 176896.
2764
What is the greatest common divisor of 44460 and 44538?
78
Calculate the highest common divisor of 178828646 and 118.
118
What is the greatest common divisor of 138955 and 235?
5
Calculate the greatest common factor of 21208 and 38410339.
2651
What is the highest common divisor of 535 and 85675435?
535
Calculate the greatest common divisor of 1775592 and 22837983.
5691
Calculate the greatest common divisor of 7491849 and 639.
213
Calculate the greatest common factor of 5908435 and 45305.
1105
What is the highest common divisor of 206 and 146195831?
103
Calculate the greatest common factor of 299 and 33290959.
299
What is the greatest common factor of 1196 and 18800522?
598
Calculate the highest common factor of 56394094 and 2.
2
Calculate the highest common factor of 44329 and 220190.
97
What is the highest common factor of 1017129239 and 10159?
10159
What is the greatest common divisor of 14168 and 137216?
8
What is the greatest common divisor of 12074 and 1096?
2
What is the highest common factor of 248929791 and 13002?
6501
Calculate the greatest common divisor of 4092 and 144876.
12
What is the highest common divisor of 138 and 115869469?
23
What is the highest common factor of 72 and 94884489?
9
What is the highest common divisor of 31916 and 4101364?
316
Calculate the greatest common factor of 1736085120 and 385.
385
What is the highest common divisor of 18903465 and 882?
441
What is the greatest common factor of 349146 and 14565354?
978
Calculate the greatest common factor of 69029061 and 28509.
2193
What is the greatest common divisor of 11 and 124488991?
11
Calculate the highest common divisor of 82104231 and 33.
33
What is the highest common factor of 63011 and 6040541?
1703
Calculate the greatest common divisor of 10449 and 539177.
43
What is the highest common factor of 4199 and 78117?
13
What is the highest common divisor of 18954 and 6164262?
2106
Calculate the highest common divisor of 471 and 3006550.
157
What is the highest common divisor of 754 and 2854006?
58
What is the highest common divisor of 7 and 73415531?
7
Calculate the highest common divisor of 305274561 and 4002.
2001
What is the highest common factor of 36 and 494806908?
12
What is the greatest common divisor of 6 and 18680898?
6
What is the highest common factor of 351 and 6851412?
27
Calculate the highest common divisor of 2387 and 4171321.
77
Calculate the highest common factor of 924 and 43409850.
66
Calculate the greatest common divisor of 3807 and 5359833.
423
Calculate the highest common divisor of 234 and 320367600.
18
What is the greatest common divisor of 3255 and 250761?
21
Calculate the highest common divisor of 67 and 59614523.
67
Calculate the greatest common factor of 8338335 and 542975.
2935
What is the greatest common factor of 48527888 and 48?
16
What is the greatest common divisor of 830271 and 2074488?
2379
What is the greatest common factor of 126 and 1328295906?
126
What is the greatest common factor of 739440 and 20306871?
9243
Calculate the highest common factor of 934515 and 19665.
855
What is the highest common divisor of 182865 and 663825?
2505
What is the greatest common factor of 390 and 25169535?
15
Calculate the highest common factor of 8040 and 30566740.
1340
What is the highest common factor of 1712 and 22234512?
16
What is the greatest common factor of 261 and 77191359?
87
What is the highest common factor of 506378 and 282?
94
Calculate the highest common divisor of 42 and 417941034.
42
Calculate the greatest common factor of 10 and 3611185.
5
What is the highest common factor of 25290451 and 31?
31
Calculate the highest common divisor of 49 and 20596219.
49
Calculate the highest common divisor of 115780 and 9940.
140
What is the greatest common divisor of 1152 and 142704?
144
What is the greatest common divisor of 714752 and 21638?
698
Calculate the highest common factor of 6069175 and 56959.
553
What is the greatest common factor of 345 and 1936515?
15
What is the greatest common divisor of 352791 and 3429?
9
Calculate the highest common divisor of 139431 and 777.
3
What is the highest common factor of 3587 and 55369?
17
Calculate the greatest common divisor of 182 and 84385.
7
What is the greatest common factor of 777086 and 4558?
106
Calculate the highest common factor of 5422150 and 13600.
850
Calculate the greatest common factor of 360 and 2318850.
90
Calculate the highest common divisor of 3994741 and 34553.
109
What is the highest common divisor of 4160 and 5425160?
520
Calculate the greatest common factor of 11622 and 1225227.
447
Calculate the highest common divisor of 1460351 and 34.
17
What is the highest common factor of 8385057 and 365145?
6639
What is the greatest common divisor of 611 and 55008941?
611
What is the greatest common divisor of 272 and 130210888?
136
What is the highest common divisor of 34379 and 664291?
1109
Calculate the highest common factor of 2310 and 7531062.
462
Calculate the highest common divisor of 147522128 and 3382.
178
Calculate the greatest common factor of 5194 and 3167227.
371
Calculate the greatest common divisor of 302820144 and 528.
528
What is the greatest common divisor of 26272926 and 63150?
2526
Calculate the greatest common divisor of 1040469964 and 109.
109
Calculate the highest common divisor of 2411908362 and 16812.
8406
What is the highest common divisor of 18369205 and 589?
31
What is the highest common divisor of 20322432 and 37583?
767
What is the greatest common factor of 15012 and 81078144?
1668
What is the greatest common divisor of 10800 and 3603024?
144
Calculate the highest common factor of 40673140 and 240.
20
What is the greatest common divisor of 52 and 43480736?
52
What is the highest common divisor of 24 and 490667604?
12
Calculate the greatest common factor of 190867 and 9007298.
4061
What is the highest common factor of 82 and 226051245?
41
Calculate the highest common divisor of 1793 and 114631.
11
Calculate the highest common factor of 332871 and 15589.
917
Calculate the greatest common factor of 85083 and 1397589.
237
Calculate the greatest common divisor of 107104294 and 528.
22
Calculate the highest common factor of 326957 and 527.
31
Calculate the greatest common divisor of 1076385 and 106215.
1095
Calculate the highest common factor of 9182756 and 5324.
44
Calculate the greatest common factor of 323200 and 33128.
808
Calculate the greatest common factor of 20689088 and 5824.
448
What is the highest common factor of 783 and 12888383?
29
Calculate the greatest common factor of 7161 and 4025133.
651
What is the highest common divisor of 761395 and 1305?
145
What is the greatest common factor of 759365 and 14790?
145
Calculate the highest common factor of 7602375 and 855.
285
What is the highest common divisor of 97217174 and 2817?
313
What is the highest common factor of 12363 and 415662?
39
What is the greatest common factor of 92993386 and 426?
142
What is the greatest common divisor of 110746887 and 516?
129
What is the highest common factor of 132781 and 9889?
11
Calculate the greatest common divisor of 562548 and 23051.
259
What is the greatest common factor of 115753797 and 1591?
37
Calculate the greatest common divisor of 39 and 387493457.
13
What is the greatest common divisor of 13392 and 38811504?
1488
Calculate the highest common divisor of 4210584 and 2556.
852
Calculate the greatest common divisor of 304 and 17006482.
38
Calculate the highest common factor of 1967016 and 366.
6
What is the greatest common divisor of 318304 and 1828?
4
What is the greatest common factor of 47966 and 61538?
58
Calculate the greatest common factor of 313598 and 44.
2
What is the highest common factor of 611241 and 35979?
201
Calculate the greatest common divisor of 37920 and 2035560.
120
Calculate the highest common divisor of 266 and 546231.
133
What is the greatest common divisor of 1444 and 1758032?
76
What is the highest common divisor of 704596 and 2242?
38
Calculate the greatest common factor of 51543124 and 16.
4
Calculate the greatest common divisor of 54609181 and 77.
11
Calculate the greatest common divisor of 600 and 24041760.